{"id":15,"date":"2026-03-16T12:07:29","date_gmt":"2026-03-16T12:07:29","guid":{"rendered":"https:\/\/sosyalhakimiyet.com\/?page_id=15"},"modified":"2026-03-17T11:27:47","modified_gmt":"2026-03-17T11:27:47","slug":"elementor-15","status":"publish","type":"page","link":"https:\/\/sosyalhakimiyet.com\/","title":{"rendered":"Elementor #15"},"content":{"rendered":"\t\t<div data-elementor-type=\"wp-page\" data-elementor-id=\"15\" class=\"elementor elementor-15\">\n\t\t\t\t<div data-ka-cursor-size=\"1\" class=\"elementor-element elementor-element-2c13b8c e-flex e-con-boxed e-con e-parent\" data-id=\"2c13b8c\" data-element_type=\"container\" data-e-type=\"container\" data-settings=\"{&quot;kng_cursor_interaction&quot;:&quot;default&quot;,&quot;kng_cursor_magnetic&quot;:&quot;none&quot;,&quot;kng_cursor_size_multiplier&quot;:{&quot;unit&quot;:&quot;px&quot;,&quot;size&quot;:1,&quot;sizes&quot;:[]}}\">\n\t\t\t\t\t<div class=\"e-con-inner\">\n\t\t\t\t<div data-ka-cursor-size=\"1\" class=\"elementor-element elementor-element-1b3be72 elementor-widget elementor-widget-heading\" data-id=\"1b3be72\" data-element_type=\"widget\" data-e-type=\"widget\" data-settings=\"{&quot;kng_cursor_interaction&quot;:&quot;default&quot;,&quot;kng_cursor_magnetic&quot;:&quot;none&quot;,&quot;kng_cursor_size_multiplier&quot;:{&quot;unit&quot;:&quot;px&quot;,&quot;size&quot;:1,&quot;sizes&quot;:[]}}\" data-widget_type=\"heading.default\">\n\t\t\t\t\t<h2 class=\"elementor-heading-title elementor-size-default\">SOSYAL HAK\u0130M\u0130YET<br><b>B\u0130R BECER\u0130D\u0130R<\/b><\/h2>\t\t\t\t<\/div>\n\t\t\t\t<div data-ka-cursor-size=\"1\" class=\"elementor-element elementor-element-0bf58fb elementor-widget elementor-widget-heading\" data-id=\"0bf58fb\" data-element_type=\"widget\" data-e-type=\"widget\" data-settings=\"{&quot;kng_cursor_interaction&quot;:&quot;default&quot;,&quot;kng_cursor_magnetic&quot;:&quot;none&quot;,&quot;kng_cursor_size_multiplier&quot;:{&quot;unit&quot;:&quot;px&quot;,&quot;size&quot;:1,&quot;sizes&quot;:[]}}\" data-widget_type=\"heading.default\">\n\t\t\t\t\t<h2 class=\"elementor-heading-title elementor-size-default\">Kad\u0131n erkek dinamiklerini, sayg\u0131nl\u0131\u011f\u0131 ve otoriteyi <b>\u015fansa b\u0131rakma<\/b><\/h2>\t\t\t\t<\/div>\n\t\t\t\t\t<\/div>\n\t\t\t\t<\/div>\n\t\t<div data-ka-cursor-size=\"1\" class=\"elementor-element elementor-element-6021511 e-flex e-con-boxed e-con e-parent\" data-id=\"6021511\" data-element_type=\"container\" data-e-type=\"container\" data-settings=\"{&quot;kng_cursor_interaction&quot;:&quot;default&quot;,&quot;kng_cursor_magnetic&quot;:&quot;none&quot;,&quot;kng_cursor_size_multiplier&quot;:{&quot;unit&quot;:&quot;px&quot;,&quot;size&quot;:1,&quot;sizes&quot;:[]}}\">\n\t\t\t\t\t<div class=\"e-con-inner\">\n\t\t\t\t<div data-ka-cursor-size=\"1\" class=\"elementor-element elementor-element-a0b81d8 elementor-widget__width-inherit elementor-widget elementor-widget-image\" data-id=\"a0b81d8\" data-element_type=\"widget\" data-e-type=\"widget\" data-settings=\"{&quot;kng_cursor_interaction&quot;:&quot;default&quot;,&quot;kng_cursor_magnetic&quot;:&quot;none&quot;,&quot;kng_cursor_size_multiplier&quot;:{&quot;unit&quot;:&quot;px&quot;,&quot;size&quot;:1,&quot;sizes&quot;:[]}}\" data-widget_type=\"image.default\">\n\t\t\t\t\t\t\t\t\t\t\t\t\t\t\t<img fetchpriority=\"high\" decoding=\"async\" width=\"960\" height=\"960\" src=\"https:\/\/sosyalhakimiyet.com\/wp-content\/uploads\/2026\/03\/Seffaf1.png\" class=\"attachment-full size-full wp-image-17\" alt=\"\" srcset=\"https:\/\/sosyalhakimiyet.com\/wp-content\/uploads\/2026\/03\/Seffaf1.png 960w, https:\/\/sosyalhakimiyet.com\/wp-content\/uploads\/2026\/03\/Seffaf1-300x300.png 300w, https:\/\/sosyalhakimiyet.com\/wp-content\/uploads\/2026\/03\/Seffaf1-150x150.png 150w, https:\/\/sosyalhakimiyet.com\/wp-content\/uploads\/2026\/03\/Seffaf1-768x768.png 768w\" sizes=\"(max-width: 960px) 100vw, 960px\" \/>\t\t\t\t\t\t\t\t\t\t\t\t\t\t\t<\/div>\n\t\t\t\t\t<\/div>\n\t\t\t\t<\/div>\n\t\t<div data-ka-cursor-size=\"1\" class=\"elementor-element elementor-element-ec04fd1 e-con-full e-flex e-con e-parent\" data-id=\"ec04fd1\" data-element_type=\"container\" data-e-type=\"container\" data-settings=\"{&quot;kng_cursor_interaction&quot;:&quot;default&quot;,&quot;kng_cursor_magnetic&quot;:&quot;none&quot;,&quot;kng_cursor_size_multiplier&quot;:{&quot;unit&quot;:&quot;px&quot;,&quot;size&quot;:1,&quot;sizes&quot;:[]}}\">\n\t\t\t\t<div data-ka-cursor-size=\"1\" class=\"elementor-element elementor-element-42457bb elementor-align-center elementor-widget__width-inherit elementor-widget elementor-widget-button\" data-id=\"42457bb\" data-element_type=\"widget\" data-e-type=\"widget\" data-settings=\"{&quot;kng_cursor_interaction&quot;:&quot;default&quot;,&quot;kng_cursor_magnetic&quot;:&quot;none&quot;,&quot;kng_cursor_size_multiplier&quot;:{&quot;unit&quot;:&quot;px&quot;,&quot;size&quot;:1,&quot;sizes&quot;:[]}}\" data-widget_type=\"button.default\">\n\t\t\t\t\t\t\t\t\t\t<a class=\"elementor-button elementor-button-link elementor-size-sm elementor-animation-bounce-in\" href=\"https:\/\/sosyalhakimiyet.com\/checkout\/?add-to-cart=32\">\n\t\t\t\t\t\t<span class=\"elementor-button-content-wrapper\">\n\t\t\t\t\t\t\t\t\t<span class=\"elementor-button-text\">PROTOKOL\u00dc BA\u015eLAT \u2192<\/span>\n\t\t\t\t\t<\/span>\n\t\t\t\t\t<\/a>\n\t\t\t\t\t\t\t\t<\/div>\n\t\t\t\t<\/div>\n\t\t<div data-ka-cursor-size=\"1\" class=\"elementor-element elementor-element-f3f04b4 e-flex e-con-boxed e-con e-parent\" data-id=\"f3f04b4\" data-element_type=\"container\" data-e-type=\"container\" data-settings=\"{&quot;kng_cursor_interaction&quot;:&quot;default&quot;,&quot;kng_cursor_magnetic&quot;:&quot;none&quot;,&quot;kng_cursor_size_multiplier&quot;:{&quot;unit&quot;:&quot;px&quot;,&quot;size&quot;:1,&quot;sizes&quot;:[]}}\">\n\t\t\t\t\t<div class=\"e-con-inner\">\n\t\t\t\t<div data-ka-cursor-size=\"1\" class=\"elementor-element elementor-element-f2d3a06 elementor-widget elementor-widget-text-editor\" data-id=\"f2d3a06\" data-element_type=\"widget\" data-e-type=\"widget\" data-settings=\"{&quot;kng_cursor_interaction&quot;:&quot;default&quot;,&quot;kng_cursor_magnetic&quot;:&quot;none&quot;,&quot;kng_cursor_size_multiplier&quot;:{&quot;unit&quot;:&quot;px&quot;,&quot;size&quot;:1,&quot;sizes&quot;:[]}}\" data-widget_type=\"text-editor.default\">\n\t\t\t\t\t\t\t\t\t<p>\u00d6nde gelen erkekler aras\u0131nda yerini al<\/p>\t\t\t\t\t\t\t\t<\/div>\n\t\t\t\t\t<\/div>\n\t\t\t\t<\/div>\n\t\t<div data-ka-cursor-size=\"1\" class=\"elementor-element elementor-element-c2ca405 e-flex e-con-boxed e-con e-parent\" data-id=\"c2ca405\" data-element_type=\"container\" data-e-type=\"container\" data-settings=\"{&quot;kng_cursor_interaction&quot;:&quot;default&quot;,&quot;kng_cursor_magnetic&quot;:&quot;none&quot;,&quot;kng_cursor_size_multiplier&quot;:{&quot;unit&quot;:&quot;px&quot;,&quot;size&quot;:1,&quot;sizes&quot;:[]}}\">\n\t\t\t\t\t<div class=\"e-con-inner\">\n\t\t\t\t<div data-ka-cursor-size=\"1\" class=\"elementor-element elementor-element-c8281f8 elementor-widget__width-inherit elementor-widget elementor-widget-heading\" data-id=\"c8281f8\" data-element_type=\"widget\" data-e-type=\"widget\" data-settings=\"{&quot;kng_cursor_interaction&quot;:&quot;default&quot;,&quot;kng_cursor_magnetic&quot;:&quot;none&quot;,&quot;kng_cursor_size_multiplier&quot;:{&quot;unit&quot;:&quot;px&quot;,&quot;size&quot;:1,&quot;sizes&quot;:[]}}\" data-widget_type=\"heading.default\">\n\t\t\t\t\t<h2 class=\"elementor-heading-title elementor-size-default\"><span style=\"font-family: Montserrat, Arial;font-size: 32px;font-weight: 400;text-align: center\">YA\u015eAM BOYU ER\u0130\u015e\u0130ML\u0130 ONLINE D\u0130S\u0130PL\u0130N&nbsp;<\/span><span style=\"font-family: Montserrat, Arial;font-size: 32px;font-weight: 400;text-align: center\">S\u0130STEM\u0130<\/span><\/h2>\t\t\t\t<\/div>\n\t\t\t\t\t<\/div>\n\t\t\t\t<\/div>\n\t\t<div data-ka-cursor-size=\"1\" class=\"elementor-element elementor-element-7aaa7a2 e-flex e-con-boxed e-con e-parent\" data-id=\"7aaa7a2\" data-element_type=\"container\" data-e-type=\"container\" data-settings=\"{&quot;kng_cursor_interaction&quot;:&quot;default&quot;,&quot;kng_cursor_magnetic&quot;:&quot;none&quot;,&quot;kng_cursor_size_multiplier&quot;:{&quot;unit&quot;:&quot;px&quot;,&quot;size&quot;:1,&quot;sizes&quot;:[]}}\">\n\t\t\t\t\t<div class=\"e-con-inner\">\n\t\t\t\t<div data-ka-cursor-size=\"1\" class=\"elementor-element elementor-element-aacd90a elementor-widget elementor-widget-heading\" data-id=\"aacd90a\" data-element_type=\"widget\" data-e-type=\"widget\" data-settings=\"{&quot;kng_cursor_interaction&quot;:&quot;default&quot;,&quot;kng_cursor_magnetic&quot;:&quot;none&quot;,&quot;kng_cursor_size_multiplier&quot;:{&quot;unit&quot;:&quot;px&quot;,&quot;size&quot;:1,&quot;sizes&quot;:[]}}\" data-widget_type=\"heading.default\">\n\t\t\t\t\t<h2 class=\"elementor-heading-title elementor-size-default\"><p dir=\"ltr\" style=\"line-height:1.7999999999999998;text-align: center;margin-top:0pt;margin-bottom:0pt\"><span style=\"font-size: 18pt;font-family: Montserrat;background-color: transparent;font-weight: 300;vertical-align: baseline\">Modern d\u00fcnya, erke\u011fin i\u00e7indeki ilkel, fethedici ve y\u0131k\u0131c\u0131 enerjiyi ehlile\u015ftirmek \u00fczere tasarlanm\u0131\u015f bir hapishanedir.<\/span><\/p><p dir=\"ltr\" style=\"line-height:1.7999999999999998;text-align: center;margin-top:0pt;margin-bottom:0pt\"><br><\/p><p dir=\"ltr\" style=\"line-height:1.7999999999999998;text-align: center;margin-top:0pt;margin-bottom:0pt\"><span style=\"font-size: 36pt;font-family: Montserrat;background-color: transparent;vertical-align: baseline\">SANA:<\/span><\/p><p dir=\"ltr\" style=\"line-height:1.7999999999999998;text-align: center;margin-top:12pt;margin-bottom:0pt\"><span style=\"font-size: 18pt;font-family: Montserrat;background-color: transparent;vertical-align: baseline\">\u0130li\u015fkilerde<\/span><span style=\"font-size: 18pt;font-family: Montserrat;background-color: transparent;font-weight: 300;vertical-align: baseline\"> \u201ckendinden taviz veren, romantik ve <\/span><span style=\"font-size: 18pt;font-family: Montserrat;background-color: transparent;vertical-align: baseline\">onay arayan bir sa\u011flay\u0131c\u0131<\/span><span style=\"font-size: 18pt;font-family: Montserrat;background-color: transparent;font-weight: 300;vertical-align: baseline\">\u201d olman,<\/span><\/p><p dir=\"ltr\" style=\"line-height:1.7999999999999998;text-align: center;margin-top:0pt;margin-bottom:0pt\"><br><\/p><p dir=\"ltr\" style=\"line-height:1.7999999999999998;text-align: center;margin-top:12pt;margin-bottom:0pt\"><span style=\"font-size: 18pt;font-family: Montserrat;background-color: transparent;vertical-align: baseline\">Para <\/span><span style=\"font-size: 18pt;font-family: Montserrat;background-color: transparent;font-weight: 300;vertical-align: baseline\">konusunda \u201cstat\u00fc i\u00e7in bor\u00e7lanarak t\u00fcketen <\/span><span style=\"font-size: 18pt;font-family: Montserrat;background-color: transparent;vertical-align: baseline\">itaatkar bir k\u00f6le<\/span><span style=\"font-size: 18pt;font-family: Montserrat;background-color: transparent;font-weight: 300;vertical-align: baseline\">\u201d olman,<\/span><\/p><p dir=\"ltr\" style=\"line-height:1.7999999999999998;text-align: center;margin-top:0pt;margin-bottom:0pt\"><br><span style=\"font-size: 18pt;font-family: Montserrat;background-color: transparent;vertical-align: baseline\">G\u00fc\u00e7<\/span><span style=\"font-size: 18pt;font-family: Montserrat;background-color: transparent;font-weight: 300;vertical-align: baseline\"> konusunda ise \u201c<\/span><span style=\"font-size: 18pt;font-family: Montserrat;background-color: transparent;vertical-align: baseline\">asla sivrilmeyen,<\/span><span style=\"font-size: 18pt;font-family: Montserrat;background-color: transparent;font-weight: 300;vertical-align: baseline\"> \u00e7at\u0131\u015fmadan ka\u00e7an <\/span><span style=\"font-size: 18pt;font-family: Montserrat;background-color: transparent;vertical-align: baseline\">uyumlu bir piyon<\/span><span style=\"font-size: 18pt;font-family: Montserrat;background-color: transparent;font-weight: 300;vertical-align: baseline\">\u201d olman emredilir.<\/span><span style=\"font-size: 1.875rem;font-style: inherit\"><\/span><\/p><\/h2>\t\t\t\t<\/div>\n\t\t\t\t\t<\/div>\n\t\t\t\t<\/div>\n\t\t<div data-ka-cursor-size=\"1\" class=\"elementor-element elementor-element-893d214 e-flex e-con-boxed e-con e-parent\" data-id=\"893d214\" data-element_type=\"container\" data-e-type=\"container\" data-settings=\"{&quot;kng_cursor_interaction&quot;:&quot;default&quot;,&quot;kng_cursor_magnetic&quot;:&quot;none&quot;,&quot;kng_cursor_size_multiplier&quot;:{&quot;unit&quot;:&quot;px&quot;,&quot;size&quot;:1,&quot;sizes&quot;:[]}}\">\n\t\t\t\t\t<div class=\"e-con-inner\">\n\t\t\t\t<div data-ka-cursor-size=\"1\" class=\"elementor-element elementor-element-3c7470d elementor-widget elementor-widget-image\" data-id=\"3c7470d\" data-element_type=\"widget\" data-e-type=\"widget\" data-settings=\"{&quot;kng_cursor_interaction&quot;:&quot;default&quot;,&quot;kng_cursor_magnetic&quot;:&quot;none&quot;,&quot;kng_cursor_size_multiplier&quot;:{&quot;unit&quot;:&quot;px&quot;,&quot;size&quot;:1,&quot;sizes&quot;:[]}}\" data-widget_type=\"image.default\">\n\t\t\t\t\t\t\t\t\t\t\t\t\t\t\t<img decoding=\"async\" width=\"1024\" height=\"576\" src=\"https:\/\/sosyalhakimiyet.com\/wp-content\/uploads\/2026\/03\/70db854d-2702-4b27-9b24-d67d510579dc-1024x576.jpg\" class=\"attachment-large size-large wp-image-39\" alt=\"\" srcset=\"https:\/\/sosyalhakimiyet.com\/wp-content\/uploads\/2026\/03\/70db854d-2702-4b27-9b24-d67d510579dc-1024x576.jpg 1024w, https:\/\/sosyalhakimiyet.com\/wp-content\/uploads\/2026\/03\/70db854d-2702-4b27-9b24-d67d510579dc-300x169.jpg 300w, https:\/\/sosyalhakimiyet.com\/wp-content\/uploads\/2026\/03\/70db854d-2702-4b27-9b24-d67d510579dc-768x432.jpg 768w, https:\/\/sosyalhakimiyet.com\/wp-content\/uploads\/2026\/03\/70db854d-2702-4b27-9b24-d67d510579dc-600x338.jpg 600w, https:\/\/sosyalhakimiyet.com\/wp-content\/uploads\/2026\/03\/70db854d-2702-4b27-9b24-d67d510579dc.jpg 1280w\" sizes=\"(max-width: 1024px) 100vw, 1024px\" \/>\t\t\t\t\t\t\t\t\t\t\t\t\t\t\t<\/div>\n\t\t\t\t<div data-ka-cursor-size=\"1\" class=\"elementor-element elementor-element-f6ab64f elementor-widget elementor-widget-heading\" data-id=\"f6ab64f\" data-element_type=\"widget\" data-e-type=\"widget\" data-settings=\"{&quot;kng_cursor_interaction&quot;:&quot;default&quot;,&quot;kng_cursor_magnetic&quot;:&quot;none&quot;,&quot;kng_cursor_size_multiplier&quot;:{&quot;unit&quot;:&quot;px&quot;,&quot;size&quot;:1,&quot;sizes&quot;:[]}}\" data-widget_type=\"heading.default\">\n\t\t\t\t\t<h2 class=\"elementor-heading-title elementor-size-default\"><p dir=\"ltr\" style=\"line-height:1.38;text-align: center;margin-top:0pt;margin-bottom:0pt\"><span style=\"font-size: 12pt;font-family: Roboto;background-color: transparent;font-weight: 400;font-style: italic;vertical-align: baseline\">\u00dc\u00e7 cephe: \u0130li\u015fkiler, Para, G\u00fc\u00e7.<\/span><span style=\"font-family: Roboto, sans-serif;font-size: 1.875rem;font-style: inherit;font-weight: 600;white-space: pre-wrap;text-align: start;float: none\"><\/span><\/p><\/h2>\t\t\t\t<\/div>\n\t\t\t\t\t<\/div>\n\t\t\t\t<\/div>\n\t\t<div data-ka-cursor-size=\"1\" class=\"elementor-element elementor-element-a48d17e e-flex e-con-boxed e-con e-parent\" data-id=\"a48d17e\" data-element_type=\"container\" data-e-type=\"container\" data-settings=\"{&quot;kng_cursor_interaction&quot;:&quot;default&quot;,&quot;kng_cursor_magnetic&quot;:&quot;none&quot;,&quot;kng_cursor_size_multiplier&quot;:{&quot;unit&quot;:&quot;px&quot;,&quot;size&quot;:1,&quot;sizes&quot;:[]}}\">\n\t\t\t\t\t<div class=\"e-con-inner\">\n\t\t\t\t<div data-ka-cursor-size=\"1\" class=\"elementor-element elementor-element-f105618 elementor-widget__width-initial elementor-widget-mobile__width-initial elementor-widget elementor-widget-heading\" data-id=\"f105618\" data-element_type=\"widget\" data-e-type=\"widget\" data-settings=\"{&quot;kng_cursor_interaction&quot;:&quot;default&quot;,&quot;kng_cursor_magnetic&quot;:&quot;none&quot;,&quot;kng_cursor_size_multiplier&quot;:{&quot;unit&quot;:&quot;px&quot;,&quot;size&quot;:1,&quot;sizes&quot;:[]}}\" data-widget_type=\"heading.default\">\n\t\t\t\t\t<h2 class=\"elementor-heading-title elementor-size-default\"><b>Bu \u00fc\u00e7l\u00fc sacaya\u011f\u0131<\/b> (\u0130li\u015fkiler, Para ve G\u00fc\u00e7), sistemin seni ad\u0131m ad\u0131m had\u0131m edilmi\u015f bir <b>evcil hayvana d\u00f6n\u00fc\u015ft\u00fcrd\u00fc\u011f\u00fc<\/b> ana cephelerdir.<\/h2>\t\t\t\t<\/div>\n\t\t\t\t\t<\/div>\n\t\t\t\t<\/div>\n\t\t<div data-ka-cursor-size=\"1\" class=\"elementor-element elementor-element-5677a7d e-flex e-con-boxed e-con e-parent\" data-id=\"5677a7d\" data-element_type=\"container\" data-e-type=\"container\" data-settings=\"{&quot;kng_cursor_interaction&quot;:&quot;default&quot;,&quot;kng_cursor_magnetic&quot;:&quot;none&quot;,&quot;kng_cursor_size_multiplier&quot;:{&quot;unit&quot;:&quot;px&quot;,&quot;size&quot;:1,&quot;sizes&quot;:[]}}\">\n\t\t\t\t\t<div class=\"e-con-inner\">\n\t\t\t\t<div data-ka-cursor-size=\"1\" class=\"elementor-element elementor-element-1f879e3 elementor-widget__width-initial elementor-widget-mobile__width-initial elementor-widget elementor-widget-heading\" data-id=\"1f879e3\" data-element_type=\"widget\" data-e-type=\"widget\" data-settings=\"{&quot;kng_cursor_interaction&quot;:&quot;default&quot;,&quot;kng_cursor_magnetic&quot;:&quot;none&quot;,&quot;kng_cursor_size_multiplier&quot;:{&quot;unit&quot;:&quot;px&quot;,&quot;size&quot;:1,&quot;sizes&quot;:[]}}\" data-widget_type=\"heading.default\">\n\t\t\t\t\t<h2 class=\"elementor-heading-title elementor-size-default\"><b>\"\u0130yi bir adam\" <\/b>olman\u0131n, zarars\u0131z ve kontrol edilebilir olmakla e\u015f tutuldu\u011fu bu ill\u00fczyonda, hayatta kalma <b>i\u00e7g\u00fcd\u00fclerin k\u00f6reltilmi\u015f<\/b> ve yerine ba\u015fkalar\u0131n\u0131n onay\u0131na muhta\u00e7 bir yaz\u0131l\u0131m monte edilmi\u015ftir. <\/h2>\t\t\t\t<\/div>\n\t\t\t\t<div data-ka-cursor-size=\"1\" class=\"elementor-element elementor-element-489800c elementor-widget__width-initial elementor-widget-mobile__width-initial elementor-widget elementor-widget-heading\" data-id=\"489800c\" data-element_type=\"widget\" data-e-type=\"widget\" data-settings=\"{&quot;kng_cursor_interaction&quot;:&quot;default&quot;,&quot;kng_cursor_magnetic&quot;:&quot;none&quot;,&quot;kng_cursor_size_multiplier&quot;:{&quot;unit&quot;:&quot;px&quot;,&quot;size&quot;:1,&quot;sizes&quot;:[]}}\" data-widget_type=\"heading.default\">\n\t\t\t\t\t<h2 class=\"elementor-heading-title elementor-size-default\">Hayat\u0131nda <b>s\u00fcrekli tekrar eden ba\u015far\u0131s\u0131zl\u0131klar\u0131<\/b> \u015fanss\u0131zl\u0131k, kad\u0131nlar taraf\u0131ndan <b>reddedili\u015flerini<\/b> kader, <b>finansal t\u00fckenmi\u015fli\u011fini<\/b> ise ekonomik kriz san\u0131rs\u0131n.<\/h2>\t\t\t\t<\/div>\n\t\t\t\t\t<\/div>\n\t\t\t\t<\/div>\n\t\t<div data-ka-cursor-size=\"1\" class=\"elementor-element elementor-element-c18e11d e-flex e-con-boxed e-con e-parent\" data-id=\"c18e11d\" data-element_type=\"container\" data-e-type=\"container\" data-settings=\"{&quot;kng_cursor_interaction&quot;:&quot;default&quot;,&quot;kng_cursor_magnetic&quot;:&quot;none&quot;,&quot;kng_cursor_size_multiplier&quot;:{&quot;unit&quot;:&quot;px&quot;,&quot;size&quot;:1,&quot;sizes&quot;:[]}}\">\n\t\t\t\t\t<div class=\"e-con-inner\">\n\t\t\t\t<div data-ka-cursor-size=\"1\" class=\"elementor-element elementor-element-cfef48d elementor-widget__width-initial elementor-widget elementor-widget-heading\" data-id=\"cfef48d\" data-element_type=\"widget\" data-e-type=\"widget\" data-settings=\"{&quot;kng_cursor_interaction&quot;:&quot;default&quot;,&quot;kng_cursor_magnetic&quot;:&quot;none&quot;,&quot;kng_cursor_size_multiplier&quot;:{&quot;unit&quot;:&quot;px&quot;,&quot;size&quot;:1,&quot;sizes&quot;:[]}}\" data-widget_type=\"heading.default\">\n\t\t\t\t\t<h2 class=\"elementor-heading-title elementor-size-default\">OYSA ORTADA K\u00d6T\u00dcR\u00dcM B\u0130R KADER YOKTUR; SADECE BEYN\u0130NE USTALIKLA YERLE\u015eT\u0130R\u0130LM\u0130\u015e, SEN\u0130 S\u00dcREKL\u0130 KAYBETMEYE PROGRAMLAYAN HATALI B\u0130R ALGOR\u0130TMA VARDIR<\/h2>\t\t\t\t<\/div>\n\t\t\t\t\t<\/div>\n\t\t\t\t<\/div>\n\t\t\t\t<\/div>\n\t\t","protected":false},"excerpt":{"rendered":"<p>SOSYAL HAK\u0130M\u0130YETB\u0130R BECER\u0130D\u0130R Kad\u0131n erkek dinamiklerini, sayg\u0131nl\u0131\u011f\u0131 ve otoriteyi \u015fansa b\u0131rakma PROTOKOL\u00dc BA\u015eLAT \u2192 \u00d6nde gelen erkekler aras\u0131nda yerini al [&hellip;]<\/p>\n","protected":false},"author":1,"featured_media":0,"parent":0,"menu_order":0,"comment_status":"closed","ping_status":"closed","template":"elementor_canvas","meta":{"site-sidebar-layout":"no-sidebar","site-content-layout":"","ast-site-content-layout":"full-width-container","site-content-style":"default","site-sidebar-style":"default","ast-global-header-display":"","ast-banner-title-visibility":"","ast-main-header-display":"","ast-hfb-above-header-display":"","ast-hfb-below-header-display":"","ast-hfb-mobile-header-display":"","site-post-title":"","ast-breadcrumbs-content":"","ast-featured-img":"disabled","footer-sml-layout":"","ast-disable-related-posts":"","theme-transparent-header-meta":"","adv-header-id-meta":"","stick-header-meta":"","header-above-stick-meta":"","header-main-stick-meta":"","header-below-stick-meta":"","astra-migrate-meta-layouts":"default","ast-page-background-enabled":"default","ast-page-background-meta":{"desktop":{"background-color":"var(--ast-global-color-5)","background-image":"","background-repeat":"repeat","background-position":"center center","background-size":"auto","background-attachment":"scroll","background-type":"","background-media":"","overlay-type":"","overlay-color":"","overlay-opacity":"","overlay-gradient":""},"tablet":{"background-color":"","background-image":"","background-repeat":"repeat","background-position":"center center","background-size":"auto","background-attachment":"scroll","background-type":"","background-media":"","overlay-type":"","overlay-color":"","overlay-opacity":"","overlay-gradient":""},"mobile":{"background-color":"","background-image":"","background-repeat":"repeat","background-position":"center center","background-size":"auto","background-attachment":"scroll","background-type":"","background-media":"","overlay-type":"","overlay-color":"","overlay-opacity":"","overlay-gradient":""}},"ast-content-background-meta":{"desktop":{"background-color":"var(--ast-global-color-4)","background-image":"","background-repeat":"repeat","background-position":"center center","background-size":"auto","background-attachment":"scroll","background-type":"","background-media":"","overlay-type":"","overlay-color":"","overlay-opacity":"","overlay-gradient":""},"tablet":{"background-color":"var(--ast-global-color-4)","background-image":"","background-repeat":"repeat","background-position":"center center","background-size":"auto","background-attachment":"scroll","background-type":"","background-media":"","overlay-type":"","overlay-color":"","overlay-opacity":"","overlay-gradient":""},"mobile":{"background-color":"var(--ast-global-color-4)","background-image":"","background-repeat":"repeat","background-position":"center center","background-size":"auto","background-attachment":"scroll","background-type":"","background-media":"","overlay-type":"","overlay-color":"","overlay-opacity":"","overlay-gradient":""}},"footnotes":""},"class_list":["post-15","page","type-page","status-publish","hentry"],"_links":{"self":[{"href":"https:\/\/sosyalhakimiyet.com\/index.php?rest_route=\/wp\/v2\/pages\/15","targetHints":{"allow":["GET"]}}],"collection":[{"href":"https:\/\/sosyalhakimiyet.com\/index.php?rest_route=\/wp\/v2\/pages"}],"about":[{"href":"https:\/\/sosyalhakimiyet.com\/index.php?rest_route=\/wp\/v2\/types\/page"}],"author":[{"embeddable":true,"href":"https:\/\/sosyalhakimiyet.com\/index.php?rest_route=\/wp\/v2\/users\/1"}],"replies":[{"embeddable":true,"href":"https:\/\/sosyalhakimiyet.com\/index.php?rest_route=%2Fwp%2Fv2%2Fcomments&post=15"}],"version-history":[{"count":16,"href":"https:\/\/sosyalhakimiyet.com\/index.php?rest_route=\/wp\/v2\/pages\/15\/revisions"}],"predecessor-version":[{"id":46,"href":"https:\/\/sosyalhakimiyet.com\/index.php?rest_route=\/wp\/v2\/pages\/15\/revisions\/46"}],"wp:attachment":[{"href":"https:\/\/sosyalhakimiyet.com\/index.php?rest_route=%2Fwp%2Fv2%2Fmedia&parent=15"}],"curies":[{"name":"wp","href":"https:\/\/api.w.org\/{rel}","templated":true}]}}